{"id":13280,"date":"2023-02-23T16:39:54","date_gmt":"2023-02-23T15:39:54","guid":{"rendered":"https:\/\/sleepiz.com\/shop-ch\/?post_type=product&#038;p=13280"},"modified":"2025-06-08T20:37:39","modified_gmt":"2025-06-08T18:37:39","slug":"screening-en","status":"publish","type":"product","link":"https:\/\/sleepiz.com\/shop-ch\/produkt\/screening-en\/","title":{"rendered":"Screening"},"content":{"rendered":"<p>Receive the apnoea screening device free of shipping costs to your home for a 3-night examination followed by an analysis report as a PDF.<\/p>\n<p>The price includes the screening device, 3 nights examination, analysis report as PDF and delivery charges.<\/p>\n","protected":false},"excerpt":{"rendered":"<p>Erhalten Sie das Apnoe-Screening Ger\u00e4t versandkostenfrei zu Ihnen nach Hause f\u00fcr 3 N\u00e4chte Untersuchung mit anschliessendem Analysebericht als PDF.<\/p>\n<p>Im Preis inbegriffen sind das Screening Ger\u00e4t, 3 N\u00e4chte Untersuchung, Analysebericht als PDF und Liefergeb\u00fchren.<\/p>\n","protected":false},"featured_media":5816,"comment_status":"open","ping_status":"closed","template":"","meta":{"_acf_changed":false,"wds_primary_product_brand":0,"wds_primary_product_cat":0,"_links_to":"","_links_to_target":""},"product_brand":[],"product_cat":[16],"product_tag":[],"class_list":{"0":"post-13280","1":"product","2":"type-product","3":"status-publish","4":"has-post-thumbnail","6":"product_cat-unkategorisiert","7":"wpbf-post","10":"instock","11":"sold-individually","12":"taxable","13":"shipping-taxable","14":"purchasable","15":"product-type-simple"},"acf":[],"_links":{"self":[{"href":"https:\/\/sleepiz.com\/shop-ch\/wp-json\/wp\/v2\/product\/13280","targetHints":{"allow":["GET"]}}],"collection":[{"href":"https:\/\/sleepiz.com\/shop-ch\/wp-json\/wp\/v2\/product"}],"about":[{"href":"https:\/\/sleepiz.com\/shop-ch\/wp-json\/wp\/v2\/types\/product"}],"replies":[{"embeddable":true,"href":"https:\/\/sleepiz.com\/shop-ch\/wp-json\/wp\/v2\/comments?post=13280"}],"wp:featuredmedia":[{"embeddable":true,"href":"https:\/\/sleepiz.com\/shop-ch\/wp-json\/wp\/v2\/media\/5816"}],"wp:attachment":[{"href":"https:\/\/sleepiz.com\/shop-ch\/wp-json\/wp\/v2\/media?parent=13280"}],"wp:term":[{"taxonomy":"product_brand","embeddable":true,"href":"https:\/\/sleepiz.com\/shop-ch\/wp-json\/wp\/v2\/product_brand?post=13280"},{"taxonomy":"product_cat","embeddable":true,"href":"https:\/\/sleepiz.com\/shop-ch\/wp-json\/wp\/v2\/product_cat?post=13280"},{"taxonomy":"product_tag","embeddable":true,"href":"https:\/\/sleepiz.com\/shop-ch\/wp-json\/wp\/v2\/product_tag?post=13280"}],"curies":[{"name":"wp","href":"https:\/\/api.w.org\/{rel}","templated":true}]}}